late the greatest common divisor of 16 and y.
16
Suppose -4*z + 5 = -3. Suppose 0 = -6*m + 7*m - z. Suppose h = -m*v + 42, 17 = 4*v + 5. Calculate the highest common divisor of 12 and h.
12
Let k(p) = p**3 - 8*p**2 + 8*p - 3. Let y be k(6). Let q = y + 45. Calculate the greatest common divisor of q and 9.
9
Suppose 32*m + 5*j - 277 = 28*m, -3 = -3*j. What is the greatest common divisor of m and 34?
34
Let z be (-2308)/(-21) + (-138)/(-1449). What is the greatest common divisor of z and 22?
22
Let g be 4/18 - 11*40/(-45). What is the greatest common divisor of g and 4?
2
Let b(n) be the first derivative of n**2 + 45*n - 31. Let z be b(-22). What is the highest common factor of 13 and z?
1
Let k be (5 + -4 + 0)*5. Suppose f = -f - k*j + 1, 0 = 4*f - 4*j - 72. Suppose 2*q = -3 + 29. What is the highest common factor of q and f?
13
Suppose -127*p - 140 = -128*p. Calculate the highest common factor of p and 20.
20
Let p(q) = q + 2. Let z be p(-1). Suppose -14*a = -13*a - z. Let j be 20*(2 + a)/6. Calculate the greatest common factor of 60 and j.
10
Let g be (1 - 2*7)/(-1). Let j = -79 + 81. Let u be (45/6 + -3)*j*13. What is the highest common factor of u and g?
13
Let h(f) = -f**2 + 13*f. Suppose j + 2*j - 36 = 0. Let p be h(j). Suppose 4*l = -5*q + 63, -q - p = -l - 3*q. What is the greatest common factor of 55 and l?
11
Let l(p) = 116*p**2 + 10*p + 7. Let m be l(-1). Calculate the highest common factor of 4859 and m.
113
Let s(j) = -j**3 - j**2 - 2*j - 6. Let t be s(-4). Suppose 5*b - t = 5*z, 4*b = -4*z + 6 + 2. Calculate the greatest common factor of b and 6.
6
Let z be -3*(-56)/12 - 8. What is the highest common divisor of z and 64?
2
Let i = -36 - -39. Suppose -i*l = -2*v - 101 - 354, -4*v - 298 = -2*l. What is the highest common divisor of 17 and l?
17
Suppose 0 = -3*n - 5*z + 79, 0 = 5*n - z + 4*z - 105. Let l = -1 + 13. What is the highest common factor of l and n?
6
Suppose 3*d + 15 = 8*d. Suppose 12 = 5*r - 5*p - 58, -d*p = 5*r - 38. Calculate the highest common factor of 40 and r.
10
Suppose -5*h - 2*g - 1 = -31, -4*h = 2*g - 26. What is the greatest common divisor of 188 and h?
4
Let i be 4*(-55)/(-20) + (-2 - -5). Suppose 0 = -4*b + 72 + 12. What is the greatest common divisor of i and b?
7
Suppose 14*m = 285 - 61. What is the highest common factor of m and 112?
16
Let o be (31 - 1)/(42/28). Let n be 344/o - (-1 - (-12)/10). Calculate the greatest common factor of n and 187.
17
Let l(d) = 8*d + 99. Let g be l(-11). What is the highest common divisor of 11 and g?
11
Let d = 10 - 6. Suppose 24 = -0*h + d*h. Let u be 2 + (0 - -1) - (-70 - -61). What is the greatest common divisor of h and u?
6
Suppose 0 = -6*k + 118 + 2. Suppose -s = 2, 2*z - 30 = -2*z - 5*s. What is the greatest common factor of z and k?
10
Let x(l) = l**2 + 1. Let m be x(3). Let o be (-360)/(-32) + 1/(-4). Suppose -m*v + o*v - 70 = 0. What is the greatest common divisor of 175 and v?
35
Let z be -3*78/(-18)*2. Calculate the highest common divisor of 325 and z.
13
Let n(j) = -2*j - 6. Let v be n(-4). Let q(s) = 5*s + 1 + v*s - 11*s - 8*s. Let r be q(-2). Calculate the highest common factor of 100 and r.
25
Suppose -17*q + 18*q - 10 = 0. Calculate the greatest common divisor of q and 80.
10
Suppose 8 = -4*u - 4*c, 0*u + 2*c + 3 = -3*u. Let b = -9 + 6. Let q be (51/b)/(u + -2). Calculate the highest common divisor of 51 and q.
17
Let a(n) = -n**2 - 12*n + 13. Let c be a(-14). Let y be (-4 + 16)/(-4) - c. Calculate the highest common factor of y and 12.
12
Suppose -4*t = -9*t. Let y = 4 - t. Calculate the highest common divisor of 8 and y.
4
Let o(h) = -h + 20. Let y be o(10). Let t be (-1 - -5) + y + -7. What is the greatest common factor of t and 35?
7
Let q(i) = i**2 + 9*i + 26. Let k be q(-11). Let a = 152 - k. Calculate the greatest common factor of a and 13.
13
Suppose -37 + 21 = -4*w. Suppose -w*y + 96 = -y. Calculate the greatest common factor of 80 and y.
16
Let o = 78 + -74. Calculate the highest common divisor of o and 15.
1
Let k be (-189 + -15)/((-1)/((-1)/(-2))). Calculate the greatest common factor of k and 6.
6
Suppose -4*f + 414 = 378. What is the highest common factor of 225 and f?
9
Let q = -16 + 15. Let x be 22/4*(-2 - q)*-6. What is the highest common factor of x and 66?
33
Let a be 2/6*3/1. Let h be 2/a + -17 + 15. Suppose h*c = 7*c - 14. Calculate the highest common divisor of c and 5.
1
Suppose -51*w + 12*w = 0. Let c(b) = -3 - 6*b + 3*b + 9. Let o be c(w). What is the greatest common divisor of o and 54?
6
Suppose 0 = -4*z + 63 + 97. Let p = z + -13. Let l = 31 + -22. Calculate the greatest common factor of l and p.
9
Suppose -3*a - 8*u = -5*u - 3765, 2522 = 2*a - 2*u. Calculate the highest common factor of a and 222.
74
Let p be (4 - 1) + 5*(-5)/(-25). Suppose 5*t - 80 = -p*q, 3*t - 70 = -2*t - 2*q. What is the greatest common factor of t and 9?
3
Suppose -j + s = -9, -2*j + 13 = 3*s - 0*s. Suppose -40 = -13*g + j*g. Calculate the highest common divisor of 88 and g.
8
Let j(x) = x**3 - 4*x**2 + x + 2. Suppose -m - 2 = 0, 5*m = -2*p - 2*p + 6. Let r be j(p). What is the greatest common factor of 30 and r?
6
Let a = -46 + 46. Suppose 3*m - 15*m + 408 = a. What is the greatest common divisor of m and 17?
17
Suppose 58 = h + h. Let c be (-14)/(-10) + 4/(-10). Let g be -29*((-6)/c + 1). Calculate the highest common divisor of g and h.
29
Suppose -14 + 4 = -2*p, -p = h - 29. Let d be 3672/(-132) - 4/22. Let u = -16 - d. What is the greatest common factor of u and h?
12
Suppose 5963 = 23*z + 44*z. What is the greatest common divisor of 356 and z?
89
Let p be ((-2091)/(-164))/((-2)/(-8)). Calculate the greatest common factor of p and 34.
17
Let j(s) = s**3 - 5*s**2 + 6*s - 3. Let o be j(4). Suppose -5*z + 2*g = -8*z + 7, -10*z - 4*g + 34 = 0. Calculate the highest common factor of o and z.
5
Suppose 0 = -4*z - a - 4*a + 774, -192 = -z - 2*a. Calculate the greatest common factor of z and 84.
28
Let n(t) = 17*t**2 - 4*t + 3. Let i be n(1). What is the highest common divisor of 1 and i?
1
Let a = -1025 - -1096. Calculate the greatest common divisor of a and 1349.
71
Let n(c) = 6*c + 9. Let t be n(-3). Let f = t + 22. Suppose 0 = 5*i + 2*m - 319, i + 59 = 2*i + 2*m. Calculate the highest common divisor of i and f.
13
Let q(j) = -j**2 + 5*j + 5. Let a be q(5). Let o(s) = -2*s - 5*s + 3 + 3 + a*s. Let u be o(-6). Calculate the greatest common factor of 12 and u.
6
Let h(l) be the second derivative of 6*l**4 - l**2/2 - 6*l. Let o be h(-1). Suppose 5*n = 79 + o. What is the greatest common factor of n and 20?
10
Let r(c) = 7*c - 1. Let a be r(1). Let f(j) = j + 23. Let d be f(16). Let i = 42 - d. Calculate the highest common divisor of i and a.
3
Suppose -43*v + 42*v = -3. Suppose -183 - 15 = -v*z. What is the greatest common divisor of z and 6?
6
Let r(s) = 2*s - 5. Let t be r(10). Calculate the greatest common factor of 30 and t.
15
Suppose r + 2*r = 3. Suppose r = -5*k + 11. Suppose -3*d + z - k*z - 1 = 0, -4*z - 14 = 2*d. What is the greatest common divisor of d and 7?
1
Let h be -9*(-8)/12 + (-1 - 0). Let k be h/(-5)*-9 - 1/1. What is the greatest common factor of 4 and k?
4
Let k(s) = -s**3 + 29*s**2 - 2*s + 62. Let w be k(29). Suppose v = -2*v + 18. Let n be (-102)/(-9) + 4/v. What is the greatest common divisor of w and n?
4
Suppose -97 = 10*d - 597. Suppose 2*s - 2*j - d = 0, -2*j + 115 = 5*s - 5*j. Calculate the highest common factor of 30 and s.
10
Let t(u) = 5*u**2 - 5*u + 12. Let p be t(6). Suppose -5*m = -l - 83, 4*l + 13 = 4*m - 47. Let h be 6/6 + 1*m. What is the highest common divisor of h and p?
18
Let u(r) = 3*r**3 + 18*r**2 - 48*r + 20. Let a be u(9). What is the highest common factor of 61 and a?
61
Let r = 0 - -3. Let o = 167 + -161. What is the highest common factor of o and r?
3
Suppose 26*r = 550 + 1296. Calculate the greatest common factor of 923 and r.
71
Suppose -20 = -4*d + t, 0 = 3*d - 8*d - 4*t + 46. Suppose -5*f - 11 = -d*f. Calculate the greatest common factor of f and 132.
11
Suppose 5*n = 6 + 19. Suppose -r + 6*r - 610 = -n*b, -2*b = -r - 238. Let c be (-3)/(-4) - (-171)/12. Calculate the highest common factor of b and c.
15
Let f be 20/(-20) - (1 + -1 - 49). Let y be 0/(-1) + -1 - -9. What is the greatest common factor of